3 = 22. Suppose -w*p = -2*p - 3*j - 145, 84 = 2*p + 4*j. Calculate the greatest common factor of p and 80.
16
Let q = 4 + 0. Suppose q*c = -c. Suppose -f + 0 + 9 = c. What is the greatest common divisor of f and 72?
9
Let z be 5/(20/92) - 0. Suppose z*y = 26*y - 69. What is the greatest common divisor of y and 207?
23
Let a = 12 + -2. Let t = 26 - a. Let z = 3 - -5. What is the highest common factor of z and t?
8
Let m = -194 - -303. What is the greatest common divisor of 327 and m?
109
Let t = -8 + 17. Let b be (51 - 0)*12/9. Suppose 2*f + 4*w = 6*f - b, 3*f - 53 = w. Calculate the greatest common factor of t and f.
9
Let w = -7 - -12. Suppose -4*x - w*y + 52 = 0, 4*x - 20 = 2*x - y. Suppose -p - 48 = -3*p. What is the greatest common factor of p and x?
8
Let o be 5/((-380)/8) - 624/(-152). What is the greatest common divisor of o and 76?
4
Let t(h) = -10*h - 3. Let a be t(-2). Let f(l) = l**3 - 4*l**2 - 10*l + 57. Let i be f(4). What is the greatest common divisor of i and a?
17
Suppose 4*r - 393 = 7. Suppose 5*t - 2*j - 15 = 85, 2*t - 3*j = 40. What is the highest common factor of t and r?
20
Suppose -60*w + 147 = -59*w. What is the greatest common factor of 84 and w?
21
Let i be 2 + 15/(-10) + (-2)/4. Suppose 13*h - 5*h - 168 = i. Calculate the greatest common factor of h and 105.
21
Let v(a) = a + 15. Let g be v(-11). Suppose 4*n - 12 = -g*i, -n + 2*i - 6 = 6*i. Suppose -n*q + 8*q - 42 = 0. What is the highest common factor of q and 189?
21
Let m = 652 + -619. What is the highest common divisor of m and 968?
11
Let q be 1 + 1*(9 + -2). Let m be 0/1 - (-6)/12*2. What is the greatest common divisor of m and q?
1
Suppose 56 = b + b. Let d be 3/1*b/3. Suppose 10*p - 39 = 31. Calculate the greatest common divisor of d and p.
7
Suppose -135 = -4*t + 3*z, -z - 195 = -5*t - 6*z. What is the greatest common factor of 66 and t?
6
Suppose -13 = 3*g - 58. Let n = 224 + -149. What is the highest common divisor of g and n?
15
Suppose 14 = -5*o + 114. Let p be 3/5 + 8228/170 + 1. What is the greatest common divisor of o and p?
10
Let i be 64 - (-8)/(-5 + 3). Suppose -4*u + 4*m = -80, 3*u + m - i = -u. What is the highest common factor of 8 and u?
8
Let g be (-11*(6 + -5))/(-1 - 0). Suppose 336 = 3*p + 2*n, -4*p + 4*n + n + 425 = 0. What is the highest common divisor of p and g?
11
Let z be 54/(2 - 8)*(-3)/9. Let j(b) = -b**3 - 4*b**2 + 5*b - 6. Let a be j(-6). What is the greatest common factor of z and a?
3
Suppose -y + 2 = -4. Suppose 135 = -n + y*n. Suppose h = -v + 8, 3*h - v - 6 + 2 = 0. What is the greatest common divisor of n and h?
3
Let o = 32 + -29. Suppose -18 = c - o*c. Calculate the highest common factor of 63 and c.
9
Let n(x) = x**3 + 8*x**2 + 9*x + 16. Let t be n(-7). Let r be (-3)/t*(-1 + -9). Calculate the greatest common factor of r and 195.
15
Let o be ((-11 - 1) + 1)*-5. Let r = 231 - o. Let t = 3251 + -3235. What is the highest common divisor of r and t?
16
Suppose -59 - 130 = -21*t. Let y be 9/3 + 1 + 5. Calculate the highest common divisor of t and y.
9
Suppose 0 = -0*p + 4*p + s - 12, 3*s = -3*p. Let m be -3 - (14*-1)/2 - 4. Suppose m = 87*t - 82*t - 60. What is the greatest common divisor of t and p?
4
Suppose -3*i + 240 = -366. Let n = i - 87. Suppose 28*o - 27*o - 23 = 0. What is the highest common factor of o and n?
23
Let w = -27 + 30. Suppose w*f = 6*f - 114. What is the greatest common factor of f and 38?
38
Suppose 0 = 4*w + 18 + 2. Let v(d) = d**3 + 5*d**2 - 4*d - 9. Let l be v(w). Calculate the greatest common divisor of 77 and l.
11
Suppose 4*v - 34 = -g, -262 = -5*g + v + 2*v. Let a be g/(-15)*18/(-15). Suppose a*h = -0*h + 420. What is the greatest common factor of h and 42?
21
Let a = 186 - 42. Suppose -v + a = -35. Suppose 196 + v = 5*f. What is the greatest common divisor of f and 30?
15
Let k be (24/(-10))/((-2065)/2050 - -1). Let d = k - 232. What is the highest common divisor of 24 and d?
24
Let k be 1 + 16 - (3 - 4). Let l = -95 - -147. Let j = 38 + l. What is the greatest common divisor of k and j?
18
Let x = 67 - 41. Calculate the greatest common factor of x and 78.
26
Let n(o) = 15*o - 11. Let a be n(1). Let f(l) = -14*l - 10. Let m be f(-3). Calculate the greatest common divisor of a and m.
4
Let j(l) = 439*l**2 + 9*l - 14. Let r be j(2). Calculate the highest common factor of r and 22.
22
Let o = -4 + 4. Suppose -7*k - 5*k + 300 = o. What is the highest common factor of k and 25?
25
Let w be 0 - ((1 - 6) + 2). Suppose w*h = 122 + 64. Calculate the greatest common divisor of h and 155.
31
Let b(i) = 14*i**2 - i - 6. Let t be b(3). What is the highest common divisor of t and 65?
13
Suppose 0 = 12*x - 1394 + 374. Suppose -4*w = -w - 3, 3*n = -w + 52. Calculate the highest common divisor of n and x.
17
Let u be (-7)/(14/4) + 1. Let z = u - -13. Let o be 76/6 + (-8)/z. Calculate the highest common divisor of o and 30.
6
Suppose -6*r = -730 - 572. Calculate the highest common factor of r and 7.
7
Let k(i) = -2*i**2 + 9*i. Let n be k(4). Let j = 6 + -4. Suppose -4*d - d + j*v = -1, 3*d + 5 = 4*v. What is the greatest common factor of d and n?
1
Let k(h) = 1 + h - 31*h**3 - 3*h**2 - 28*h**3 + 4*h**2 + 0*h**2. Let i be k(-1). What is the highest common factor of 6 and i?
6
Suppose -5*s = 2*o - 46, 2*s - 3*o - 7 = -0*s. Calculate the highest common divisor of 8 and s.
8
Let s be (6/18)/((-2)/(-1566)). Suppose 0 = -6*h + 3*h + s. Suppose -5*d = 2*w - h - 124, -428 = -4*w - 4*d. What is the highest common factor of w and 12?
12
Let a be -1*(-39)/18 + 2/(-12). Let r be -1 + (a - (-10)/1). What is the highest common factor of r and 99?
11
Suppose 3*g + 1 = 13. Let t(n) = -10*n + 2. Let f(y) = 50*y - 11. Let w(p) = -2*f(p) - 11*t(p). Let a be w(g). Calculate the greatest common factor of 20 and a.
20
Suppose v - 42 = 4*y, -y = -4*v + 16 + 77. What is the highest common factor of v and 198?
22
Suppose 5*m - 5*v - 180 = -10*v, -2*m + 4*v + 60 = 0. What is the highest common divisor of 51 and m?
17
Suppose 5*c - 16 = 3*p + 4, 0 = -2*c + 3*p - 1. Suppose c = s + 5. Suppose s*g = -3*u + 199, -2*g - g = -u + 48. What is the greatest common factor of 9 and u?
9
Suppose -q - 4*q = 10, -5*d - 2*q = 44. Let r(k) = k**2 - 13*k + 39. Let w be r(6). Let b be ((-4)/d)/(w/(-36)). What is the highest common factor of b and 6?
6
Suppose -2*u + 2*o + 26 = -0*u, 0 = 3*u + 4*o - 46. Suppose -a = -u + 4. Let p = -12 - -42. Calculate the highest common divisor of p and a.
10
Let g(z) = -z**3 + 12*z**2 + z - 30. Let n be g(10). Suppose -14*t - n = -16*t. Calculate the highest common divisor of t and 36.
18
Let u be ((-6)/(-4))/(4/8). Suppose u = -3*k + 9. Suppose -k*v + 16 + 2 = 0. Calculate the highest common divisor of 3 and v.
3
Let s be 11/22 - (-11)/2. Let x(h) be the first derivative of -h**4/4 + 2*h**3 + 8*h - 5. Let z be x(s). What is the highest common factor of z and 2?
2
Suppose 416 = 6*y - 808. Calculate the highest common divisor of 34 and y.
34
Let k(g) = -2*g**2 + 2*g. Let v be k(3). Let p = -702 - -694. Let q = p - v. What is the greatest common divisor of q and 28?
4
Let q = 262 - 91. Suppose 8*i = 125 + q. What is the greatest common divisor of i and 185?
37
Suppose 0 = 4*b + 5*h - 38, b - 2*h - 4 + 1 = 0. Suppose 4*u - j - b + 40 = 0, -4*u = -4*j + 48. Let m = 2 - u. Calculate the highest common factor of 72 and m.
9
Let z(r) = -r**2 + 4*r + 1. Let g = 19 - 13. Let j be z(g). Let l(v) = -2*v - 5. Let q be l(j). Calculate the highest common factor of q and 136.
17
Suppose -4 = -2*j + 2. Suppose j*u + 4*k - 146 = 0, 4*k - 246 = -7*u + 2*u. Suppose 4*i = -0*i + 80. Calculate the highest common divisor of u and i.
10
Suppose -16 = -2*r - 0*r. Let i = 37 + r. Let l(w) = w**3 - 9*w**2 + 8*w + 9. Let s be l(8). What is the greatest common divisor of s and i?
9
Let a = -2112 + 3678. Calculate the greatest common divisor of a and 54.
54
Let k be (-54)/702 + 1328/26. What is the highest common divisor of k and 34?
17
Let y be 27*(3 - (98/(-21) + 6)). What is the highest common factor of y and 35?
5
Let l be 189 + (14 - (0 + 28)). Let r be (-1320)/35 + 2/(-7). Let x = 73 + r. Calculate the greatest common factor of l and x.
35
Let w be 1 - (-62)/5 - 135/(-225). What is the greatest common factor of w and 210?
14
Suppose 3*w + 4*